is divided by 4.
2
Suppose -4*c + l - 134 = 0, c - 43 = 2*c - 5*l. Let g = -14 - c. Calculate the remainder when (-8)/(-36) - (-502)/9 is divided by g.
18
Let q(l) = -2*l + 8. Calculate the remainder when 29 is divided by q(-4).
13
Let y = -11 - -15. What is the remainder when (((-26)/(-4))/(-13))/((-2)/40) is divided by y?
2
Suppose -8*y = -3*y - 95. Suppose -16 = -4*n + 4*f, -5*n + 2 = -4*f - y. Calculate the remainder when 9 is divided by n.
4
Let w(x) = -3*x + 3. Let n(m) = -m + 1. Let z(d) = 6*n(d) - 3*w(d). Calculate the remainder when z(6) is divided by 8.
7
Suppose 5*s - 2*s - 42 = 0. Calculate the remainder when 53 is divided by s.
11
Suppose 5*f + 3*i - 113 = 0, -f - 3*i - 5 = -30. What is the remainder when 64 is divided by f?
20
Calculate the remainder when (6 - (2 - 0))/1 is divided by 15/6*16/20.
0
Suppose -5 = -z - 4. Let a be z*(2 - 0) + -10. Let w = 12 + a. What is the remainder when 11 is divided by w?
3
Suppose 2*o = 0, -3*i + o - 6 = -4*o. Let g(u) = -20*u - 1. What is the remainder when g(i) is divided by 9 + 1/2*2?
9
Let k(a) = -a**3 - 7*a**2 - 7*a - 3. Let s = -10 + 5. Let u = s + 6. What is the remainder when k(-6) is divided by u?
0
Suppose 0 = -2*o + o + 5. Suppose o*a = -82 + 252. Suppose 25 = 4*w - 23. What is the remainder when a is divided by w?
10
Let w = -53 + 78. Calculate the remainder when 147 is divided by w.
22
Let c = 15 + -8. Calculate the remainder when 10 is divided by c.
3
Suppose 29 = 4*u + 5*l, 0*u + 2*u + 5*l = 27. Suppose w + u - 5 = 0. Calculate the remainder when 10 is divided by (-24)/w*(0 + -1).
4
Suppose 4*l + 0*l = 144. Let j = -5 + l. Calculate the remainder when j is divided by 16.
15
Suppose -2*x - 5*z + 0*z = -75, 0 = 4*x - 5*z - 105. Calculate the remainder when x is divided by 9.
3
Let n(b) = -b**3 - 10*b**2 + 13. Let m be n(-10). Suppose -y + m = -7. Calculate the remainder when 58 is divided by y.
18
Suppose 7*v - 4*v = 288. Suppose 0 = 5*y - 44 - v. Let s = 24 - 14. What is the remainder when y is divided by s?
8
Let y(n) = n + 4. Let a be y(-4). Let d = a - -40. Calculate the remainder when d is divided by 14.
12
Suppose 0 = 6*r - 30 - 102. Calculate the remainder when 40 is divided by r.
18
Let h(q) = q**3 - 29*q**2 + 3*q - 60. Let i(b) = b. Let s be i(-4). Let w = 18 + s. Calculate the remainder when h(29) is divided by w.
13
Suppose 4*f = -20, 5*f + 0*f + 250 = 5*o. Calculate the remainder when o is divided by 24.
21
Let y = 2 + 0. Calculate the remainder when 1 - -3 - 1*-1 is divided by y.
1
Suppose z = 4*j - 3*z + 16, -5*z = 3*j - 20. Calculate the remainder when 32 is divided by -1*(-11 + 0) - j.
10
Suppose -f = -p - 10 - 23, -4*f = 4*p - 100. Suppose 0 = 4*l - 75 - f. What is the remainder when 49 is divided by l?
23
Let q = 36 - 22. Suppose 2*n + 40 = 10*n. What is the remainder when q is divided by n?
4
Let p be 25/(-35) - 2/7. Let w be (-5 - p - -2) + -18. Let d = -14 - w. What is the remainder when d is divided by 4?
2
Let v(i) = 10*i**2 + 2. Let n be v(3). Suppose 5*o - 128 = n. Let z = o + -25. Calculate the remainder when z is divided by 10.
9
Suppose 2*v + 0 = 4. Suppose -5*c + v*c + 39 = 0. What is the remainder when c is divided by 7?
6
Suppose 114 = 2*g + 10. Suppose -2*i + g = 2*i. What is the remainder when i is divided by 7?
6
Let k = -3 + 15. Let n = 8 - 3. Calculate the remainder when k is divided by n.
2
Let c(m) = m**2 - 3*m + 1. Let v(u) = -3*u + 1. Let k(z) = 4*c(z) - 3*v(z). Let i be k(2). Let j = 20 - i. Calculate the remainder when 15 is divided by j.
6
Suppose 6*p = 179 + 37. What is the remainder when p is divided by 13?
10
Let p(d) = d + 4. What is the remainder when 42 is divided by p(5)?
6
Let z = -3 - -7. Let f = z + 1. Suppose -120 = f*k - 10*k. Calculate the remainder when k is divided by 13.
11
Let c = -49 - -25. Let x = c - -53. Calculate the remainder when 55 is divided by x.
26
Let r be ((-30)/7)/(1/7). Let n = 3 - -1. Calculate the remainder when 28 is divided by (0 - 2)/(n/r).
13
Suppose 0 = 2*a + 3*a. Suppose 2*w - 10 = a, -x = -2*x - 5*w + 27. What is the remainder when x is divided by 2?
0
Let f be 6 + -2 - (2 - 1). Suppose -f*o + 4*y + 426 = 0, 2*y = 2*o - 0*y - 284. Suppose o = 5*g - 13. What is the remainder when g is divided by 11?
9
Suppose -20 = -7*v + 43. Suppose -5*b + 23 = 3. Suppose 4*u + 3*t - 2 = 3*u, -5*u = -b*t - 29. Calculate the remainder when v is divided by u.
4
Let w(u) = -27*u**2 - u. Let p be w(1). Let g = p - -45. What is the remainder when g is divided by 5?
2
Suppose 3*m - 4*m = -5*p - 16, 4*p = 0. Calculate the remainder when -2*5/2*-6 is divided by m.
14
Let w(i) = -5*i + 4. Let n be w(-3). Let m = -7 + n. Suppose -2*z - 128 = -4*b, -5*b + 41 = 4*z - 132. What is the remainder when b is divided by m?
9
Suppose -3*x - 4*n = -44 + 17, -2*n - 19 = -5*x. Suppose 0 = g - 5*z - 20 + 1, -3*z - 6 = 0. Let f = 11 - g. Calculate the remainder when x is divided by f.
1
Let y = -70 + 80. What is the remainder when 49 is divided by y?
9
Let g = -33 + 95. Suppose 133 = 4*h + 49. What is the remainder when g is divided by h?
20
Suppose 60*p - 64*p = -568. Calculate the remainder when p is divided by 24.
22
Let w(d) = -d**2 - 13*d - 9. Let u = 3 - -35. Calculate the remainder when u is divided by w(-11).
12
Let r be (-5 + -1)*2/(-6). Suppose r*z = -2*z. Calculate the remainder when 16 + -1*(z + -1) is divided by 6.
5
Suppose -5*n + 165 = -245. Calculate the remainder when n is divided by 28.
26
Let m = -27 + 54. Calculate the remainder when 52 is divided by m.
25
Let d(j) = -j**2 - 6*j + 5. Let r be d(-5). Suppose 4 = -k - 2*p, 3*k - 2*p = 5*k + r. Let c = k - -32. What is the remainder when c is divided by 9?
8
What is the remainder when 171 + (1/(-7) - (-60)/(-21)) is divided by 43?
39
Let c be 303/(-27) - (-4)/18. Let w = c - -19. What is the remainder when 22 is divided by w?
6
Suppose 4*g = 3*s - 184, 2*s = -2*g - 50 + 182. Calculate the remainder when s is divided by 11.
9
Let x(p) = -8*p - p**2 - 3*p + p + 3 - p. Let o be x(-6). Suppose 0*u - o = -u. What is the remainder when u is divided by 17?
16
Let p be ((-22)/6)/(3/(-27) + 0). Let k = -2 - -6. Suppose g - 5*g + u = -117, g - p = k*u. Calculate the remainder when g is divided by 16.
13
Let s = -24 + 32. What is the remainder when 30 is divided by s?
6
Let k(x) = 3*x**2 + 5*x + 10. Calculate the remainder when 38 is divided by k(-3).
16
Let o(r) be the third derivative of r**5/60 - r**4/24 + r**3/2 - 5*r**2. Calculate the remainder when 16 is divided by o(3).
7
Let d(a) = a**2 + 2*a + 1. Suppose -17 = 5*w + 23. Let t = w + 10. Calculate the remainder when d(-3) is divided by t.
0
Suppose 9*j - 4*j - 10 = 0. Calculate the remainder when j is divided by 2.
0
Suppose -4*d + 8*d - 12 = 0. Suppose -428 + d = -5*s. What is the remainder when s is divided by 22?
19
Suppose z - 47 = -13. Let w(r) = -4*r**2 + 2*r - 2. Let a be w(2). Let q = z + a. What is the remainder when q is divided by 11?
9
Let s = 12 + -6. Suppose -59 = -5*t - 14. Calculate the remainder when t is divided by s.
3
Let v = -5 - 3. Let y(a) be the second derivative of -5*a**3/6 - 6*a**2 - 5*a. Calculate the remainder when y(v) is divided by 10.
8
Let u = -2 + 4. Let r be (-51)/(-6) - (-1)/(-2). Suppose 3*p = -2 + r. What is the remainder when p is divided by u?
0
Suppose -2*v - 3*p + 28 = 0, -4*v = v + 3*p - 88. Calculate the remainder when 59 is divided by v.
19
Let k = -4 + 6. What is the remainder when 34 is divided by 24*(k/4)/1?
10
Calculate the remainder when 14 is divided by 4/(-22) + 90/11.
6
Let s(o) = -o**2 - 3. Let m be s(0). Let a = 7 + -4. Calculate the remainder when 2*5 + (m - -1) is divided by a.
2
Suppose 0 = 7*s - 6 - 15. What is the remainder when (-4)/5*(-15)/2 is divided by s?
0
Let c = 43 + -15. What is the remainder when 53 is divided by c?
25
Suppose -137 - 10 = -3*r. What is the remainder when r is divided by 17?
15
Suppose -w + 4*w = 0, 3*b = 4*w + 837. Calculate the remainder when b is divided by 47.
44
Suppose -9 = 6*y - 39. Suppose y*m = -5*u + 115, 7*m + 36 = 2*u + 4*m. Calculate the remainder when 41 is divided by u.
20
Let j(t) = -t**3 - 4*t**2 - 3*t + 1. Calculate the remainder when j(-5) is divided by 21.
20
Let j = -13 - -27. Let d = -65 + 70. What is the remainder 